3) to base 5
-120334
What is -721 (base 8) in base 3?
-122020
Convert 16019 (base 13) to base 4.
22030211
47411 (base 9) to base 15
95c1
1543b (base 12) to base 3
1112011002
-24be (base 16) to base 14
-35dc
What is -17617 (base 9) in base 7?
-50320
What is 1b7 (base 15) in base 8?
615
-110110100100 (base 2) to base 3
-11210100
Convert -a21 (base 13) to base 9.
-2317
101101110000001 (base 2) to base 15
6e1a
Convert -12304 (base 5) to base 4.
-32322
What is a459 (base 13) in base 7?
123145
Convert -101004 (base 5) to base 9.
-4415
141130 (base 6) to base 2
11001110101110
Convert -2875 (base 12) to base 9.
-6388
What is -354 (base 9) in base 11?
-246
What is 3112 (base 6) in base 10?
692
Convert -2c9d (base 15) to base 8.
-22576
14000 (base 7) to base 14
1537
What is -111001000011010 (base 2) in base 4?
-13020122
218 (base 9) to base 8
263
Convert 2bc (base 13) to base 14.
273
What is 2942 (base 15) in base 12?
5145
708 (base 16) to base 2
11100001000
2755 (base 14) to base 13
3206
Convert 1403000 (base 6) to base 10.
78408
-515 (base 10) to base 14
-28b
637a (base 15) to base 13
9766
-10112 (base 5) to base 2
-1010010001
What is -100333 (base 4) in base 9?
-1437
-1744 (base 14) to base 3
-12201200
122101121 (base 3) to base 14
4899
Convert -279 (base 11) to base 9.
-404
What is -201110211 (base 3) in base 12?
-8271
What is 14533 (base 7) in base 3?
12112201
-9e6 (base 16) to base 5
-40114
Convert 1132 (base 9) to base 7.
2306
What is 27070 (base 9) in base 2?
100011101110000
-1000010101011011 (base 2) to base 6
-422015
Convert 1850 (base 9) to base 5.
21142
What is 117004 (base 8) in base 14?
10a56
Convert 25 (base 14) to base 15.
23
What is 10111011101010 (base 2) in base 9?
17424
Convert -1938 (base 12) to base 11.
-233a
Convert -46062 (base 7) to base 8.
-26672
-2da7 (base 14) to base 5
-230213
36a (base 14) to base 6
3054
Convert -20120313 (base 4) to base 3.
-1202010120
What is 111110111100 (base 2) in base 10?
4028
What is -3734 (base 10) in base 16?
-e96
What is -719 (base 10) in base 12?
-4bb
What is 100001110001101 (base 2) in base 7?
101263
What is 3 (base 5) in base 8?
3
Convert 7917 (base 10) to base 16.
1eed
What is 45455 (base 9) in base 12?
1561b
13211 (base 6) to base 8
3747
What is 22745 (base 8) in base 2?
10010111100101
What is -1570 (base 8) in base 16?
-378
-618 (base 10) to base 9
-756
Convert -2040 (base 5) to base 3.
-101000
-4398 (base 16) to base 15
-51d9
-51650 (base 7) to base 3
-122101112
What is 5fd (base 16) in base 6?
11033
-14dd (base 15) to base 4
-1012003
What is -110100111000100 (base 2) in base 12?
-13804
What is -22c (base 15) in base 9?
-606
Convert -3310202 (base 4) to base 14.
-59bc
120061 (base 7) to base 13
9b17
Convert -1122200 (base 3) to base 4.
-102312
-278 (base 10) to base 12
-1b2
Convert 1141113 (base 5) to base 8.
51640
What is -1010101100000 (base 2) in base 4?
-1111200
Convert 6743 (base 15) to base 6.
245200
What is 420a (base 15) in base 10?
13960
What is 3110 (base 10) in base 4?
300212
What is -100022100 (base 3) in base 16?
-1a82
-453 (base 12) to base 5
-10024
Convert 3d7 (base 15) to base 3.
1012111
What is 2223 (base 11) in base 6?
21321
Convert -a8a0 (base 13) to base 8.
-55634
-1272 (base 9) to base 15
-43b
1222210 (base 3) to base 13
879
What is -1213 (base 4) in base 13?
-7c
-11024 (base 7) to base 12
-1722
-1115 (base 9) to base 15
-39e
-392 (base 11) to base 14
-252
b7 (base 14) to base 4
2201
What is 11062 (base 11) in base 5?
1003130
-10000100010100 (base 2) to base 12
-4a98
What is 2379 (base 11) in base 5?
44421
Convert -956b (base 14) to base 13.
-b965
What is -26b (base 15) in base 13?
-335
Convert 41035 (base 7) to base 3.
111200101
What is -427 (base 11) in base 10?
-513
-220031 (base 4) to base 15
-b68
-1b6 (base 14) to base 10
-356
Convert 12023 (base 7) to base 12.
1968
101101101 (base 2) to base 8
555
Convert -3468 (base 10) to base 11.
-2673
Convert -14a (base 13) to base 7.
-450
What is 4 (base 11) in base 14?
4
Convert -1241 (base 10) to base 11.
-a29
310131 (base 4) to base 11
2582
Convert -453 (base 9) to base 4.
-11310
-746 (base 12) to base 7
-3045
What is -31030 (base 4) in base 7?
-2314
What is 3326 (base 7) in base 12?
838
Convert 10000200 (base 3) to base 4.
202131
-1000 (base 15) to base 11
-2599
Convert -1067 (base 8) to base 11.
-476
77c7 (base 13) to base 12
9819
Convert 11b31 (base 12) to base 3.
1020001001
Convert 20212 (base 3) to base 4.
2321
What is 3623 (base 7) in base 6?
10112
What is -1110211 (base 3) in base 13?
-649
What is 4503 (base 6) in base 15?
49c
What is -8576 (base 12) in base 15?
-4509
What is 32132 (base 4) in base 2?
1110011110
Convert 1200213 (base 4) to base 2.
1100000100111
-12171 (base 8) to base 6
-40133
Convert 1054 (base 7) to base 8.
576
-33532 (base 6) to base 15
-160b
-1b91 (base 12) to base 5
-102141
What is 84512 (base 9) in base 16?
da0c
Convert 1a7 (base 14) to base 10.
343
What is -31223113 (base 4) in base 13?
-1c666
10001000 (base 2) to base 8
210
Convert 320123 (base 6) to base 16.
6573
What is -240 (base 7) in base 12?
-a6
Convert -27353 (base 9) to base 7.
-104661
Convert 530130 (base 6) to base 4.
22131012
Convert -431033 (base 6) to base 16.
-899d
Convert 800 (base 13) to base 16.
548
48218 (base 10) to base 13
18c41
-28386 (base 9) to base 16
-4b4b
What is 11100 (base 5) in base 6?
3331
-101521 (base 6) to base 14
-2da9
Convert -b93 (base 12) to base 13.
-a05
What is -1352 (base 9) in base 5?
-13034
Convert -134 (base 11) to base 7.
-314
1532 (base 13) to base 4
300023
252 (base 10) to base 5
2002
What is 3174 (base 14) in base 11?
6455
What is -1921 (base 10) in base 16?
-781
22020 (base 4) to base 9
800
Convert -250 (base 12) to base 8.
-534
What is -110110011000 (base 2) in base 5?
-102410
What is 41 (base 7) in base 3?
1002
What is 4533 (base 16) in base 6?
214003
-10872 (base 11) to base 10
-15688
33051 (base 9) to base 3
1010001201
What is -61d (base 14) in base 12?
-843
212001 (base 3) to base 14
326
Convert 783 (base 12) to base 4.
101103
Convert 11101011 (base 2) to base 9.
281
What is -bb (base 15) in base 4?
-2300
Convert 511 (base 8) to base 14.
197
Convert -402121 (base 5) to base 15.
-3bc6
What is 101211101 (base 3) in base 11?
5a27
What is -1010011 (base 2) in base 3?
-10002
-301 (base 10) to base 16
-12d
-170 (base 16) to base 11
-305
Convert -210330 (base 6) to base 13.
-7959
Convert -b9 (base 15) to base 2.
-10101110
What is 1534 (base 8) in base 11?
712
Convert 116 (base 13) to base 3.
20222
9a (base 12) to base 3
11101
-1b07 (base 15) to base 8
-13341
-22222 (base 3) to base 15
-112
What is -112011220 (base 3) in base 12?
-5b96
Convert 1231 (base 4) to base 5.
414
What is 154a (base 15) in base 5?
121240
What is 9b (base 13) in base 9?
152
-214 (base 12) to base 16
-130
-1350 (base 13) to base 3
-10210120
Convert 32123 (base 5) to base 14.
b07
7363 (base 11) to base 9
14332
What is -640 (base 12) in base 10?
-912
What is -c61 (base 13) in base 4?
-200323
Convert -59 (base 16) to base 15.
-5e
What is 10346 (base 11) in base 2?
11101011001110
Convert -312f (base 16) to base 9.
-18240
Convert -6132 (base 8) to base 9.
-4303
135747 (base 8) to base 14
1375d
-63 (base 15) to base 14
-69
-625 (base 7) to base 16
-139
11201 (base 5) to base 15
386
Convert 7666 (base 10) to base 2.
1110111110010
135423 (base 8) to base 4
23230103
Convert 105163 (base 7) to base 10.
18616
What is 6bb (base 12) in base 10?
1007
-1172 (base 9) to base 7
-2360
What is -10514 (base 6) in base 14?
-782
-221021 (base 5) to base 13
-3625
What is 207 (base 15) in base 2?
111001001
What is -223323 (base 4) in base 11?
-2126
What is 100010010 (base 2) in base 12?
1aa
What is -1473 (base 9) in base 8?
-2137
3469 (base 15) to base 2
10101101110100
-3413 (base 5) to base 13
-2b2
-100000000 (base 2) to base 12
-194
Convert -1ba (base 16) to base 14.
-238
What is -61a (base 12) in base 3?
-1012211
What is 134 (base 12) in base 11?
158
Convert 3297 (base 16) to base 11.
9804
-9 (base 10) to base 2
-1001
-102122 (base 3) to base 13
-1b2
Convert -2013 (base 5) to base 8.
-402
-10242 (base 8) to base 7
-15262
What is -144135 (base 6) in base 3?
-201001012
What is -114345 (base 8) in base 3?
-1222200200
Convert -10201321 (base 4)